 + 5*a + 250. Is 2 a factor of h?
False
Suppose 0 = -5*d - f - 658, -3*d + 4*f - 149 = 255. Let z = 8 + -13. Is 9 a factor of 2/(-5) + d/z?
False
Is -60*((-104)/70 - 6/(-21)) a multiple of 36?
True
Is 36 a factor of 3/(177/(-60) - -3)?
False
Suppose 6*j = 5*j + 37. Does 4 divide j?
False
Let k(d) = 12*d**3 - 3*d**2 + d. Let s be 40/18 - (-4)/(-18). Does 26 divide k(s)?
False
Suppose 5*b = -3*c - 28, 4*c + 8 = 5*b - 6. Let t(g) = g**3 - g**2 - 2*g. Let x be t(3). Let s = x + c. Does 5 divide s?
False
Does 9 divide (9/(-5))/(5/(-25))?
True
Suppose -3*u + 8 = -5*n, 0 = 2*n - n - 5. Does 4 divide u/22 - 42/(-4)?
False
Let s(c) = 4*c**3 + 8*c**2 + 11*c + 3. Let z(d) = -d**3 - 3*d**2 - 4*d - 1. Let k(g) = 2*s(g) + 7*z(g). Let r be k(6). Is 2 a factor of (2 - r)/(0 + 1)?
False
Let t(q) = 2*q**2 - 6*q - 17. Does 24 divide t(-6)?
False
Let m be 3/6 - 23/(-2). Suppose -3*u + 6*u - m = 0. Suppose 5*a - 3*q - 7 = 18, -4*a + u*q = -12. Is 4 a factor of a?
True
Suppose -5*x = -z - 404, x + 3*x - 329 = -5*z. Is x a multiple of 30?
False
Suppose 2*f + 115 = 7*f. Suppose -4*h = -f - 13. Does 9 divide h?
True
Let r(z) = -z**3 - 22*z**2 - 26*z + 15. Is 24 a factor of r(-21)?
True
Let w(z) = z**2 - 3*z + 64. Does 10 divide w(0)?
False
Suppose -s - 3*p + 3 = 0, 0 = 5*s - s - 5*p - 12. Suppose -s = -y - 1. Suppose -y*q = q - 42. Does 8 divide q?
False
Let f(l) be the third derivative of l**6/120 + l**5/15 + l**4/24 + 2*l**3/3 + l**2. Let j be f(-4). Suppose j = 3*p + p - 24. Does 4 divide p?
False
Suppose -4*x + 27 = z, 9*z - 15 = 4*z. Does 10 divide ((-3)/x)/(2/(-128))?
False
Does 6 divide (-228)/(-14) - (-2)/(-7)?
False
Let h be (-1)/(-2)*1*8. Suppose 0 = 2*w + 2*o, 2*w + 32 = 5*o + h. Let a = 30 + w. Is a a multiple of 10?
False
Suppose 3*i + 5 - 2 = 0. Let m(l) = -5*l**3 - 2*l**2 + 1. Let d be m(i). Suppose 11 = d*g - 25. Does 6 divide g?
False
Let t(h) = -44*h**3 + h**2. Let b be t(-1). Suppose b = 3*m - 72. Does 13 divide m?
True
Suppose 588 = 4*y - y. Suppose -a = 4*a - 3*m - y, -2*m = -2*a + 76. Is 15 a factor of a?
False
Let g = -9 - -1. Let p(i) be the first derivative of i**4/4 + 3*i**3 + 5*i**2/2 - 6*i + 1. Is p(g) a multiple of 18?
True
Does 15 divide 4/(-28) + (-1684)/(-28)?
True
Is 29 a factor of (-368)/(-6) - 6/(-108)*-6?
False
Suppose -3*d + 258 = 5*j, 2*j - 3*d + 67 = 166. Is j a multiple of 11?
False
Let r = -2 - -3. Let z be 1/r*(-4 - -3). Let k = z + 9. Is 4 a factor of k?
True
Suppose 0 = g + 21. Let b = g + 14. Let t = b - -27. Does 10 divide t?
True
Let s(n) = 8*n**2 - 3*n - 3. Let b(g) = g**2 - g - 1. Let i(p) = 5*b(p) - s(p). Let z be i(-2). Let r = -5 - z. Is 3 a factor of r?
False
Let a = 230 - 323. Let c = -64 - a. Does 12 divide c?
False
Let a(d) = -d + 6. Let x be a(6). Suppose 6 = -x*g + 3*g. Suppose -2*t + 12 = g*t. Does 3 divide t?
True
Suppose c = 2*l - 2 - 2, -40 = -5*c - 2*l. Is 2 a factor of c?
True
Let z(b) = 3*b**2 + 3*b - 1. Let k be z(-2). Is 8 a factor of (-4 + 132/15)*k?
True
Let d(u) = -u - 1. Let n be d(-3). Suppose 0*a = 4*a + 2*v - 126, a = -n*v + 24. Is a a multiple of 17?
True
Let p(q) = q**2 + q + 1. Suppose 3*w = -0*w - 3. Let m(k) = 5*k**2 + 11*k + 10. Let v(s) = w*m(s) + 6*p(s). Is v(7) a multiple of 10?
True
Suppose 3 + 1 = 4*m. Let w = 3 - m. Suppose 42 = w*h + h. Is 7 a factor of h?
True
Let y(l) = -2*l**2 + l. Let s be y(-1). Does 16 divide 6*s/((-18)/16)?
True
Suppose -313 = -5*h + 2*s, -4*h + 144 = -4*s - 104. Suppose 2*t - h = -t. Does 21 divide t?
True
Suppose -p + 5 = -5. Let z be 1 + p + (-2 - -1). Suppose -z - 2 = -a. Is 12 a factor of a?
True
Let y(o) = -2*o**2 + 5*o + 1. Let q(d) = d**2 - 6*d - 1. Let u(t) = 3*q(t) + 2*y(t). Does 3 divide u(-7)?
True
Let o = 82 + -47. Is 7 a factor of o?
True
Let y(n) = 2*n + 1. Let h be y(1). Suppose -2*i + 39 = -5*g, h*g - 11 - 28 = -4*i. Does 6 divide i?
True
Suppose -5 = -4*b + 7. Suppose 0 = l - b*l + 82. Is 19 a factor of l?
False
Let k(a) = 0*a**2 + 6 + 5*a**3 + 5*a**2 - 2 - 4*a**3. Is 2 a factor of k(-5)?
True
Suppose -3*q + 12 = -5*c, 4*q - 5*q + 18 = 3*c. Suppose 3*t - q = 4*o + o, 0 = 4*o - 12. Does 8 divide t?
True
Let r = 14 + -8. Let x be -3*3*(-4)/18. Suppose 2*w - x = r. Is w a multiple of 3?
False
Let o(m) = -4*m**3 + 2*m. Is o(-2) a multiple of 7?
True
Let p(x) be the third derivative of -x**5/60 + x**4/3 - x**2. Does 7 divide p(7)?
True
Suppose 0 = 2*h - 1 - 5. Suppose -5*r + h + 7 = 0. Suppose 0*p = r*p - 8. Is p a multiple of 4?
True
Let z be ((-6)/5)/(15/(-1100)). Let t be 3 + z - 3*1. Suppose 2*y - 4*c = 56, -4*y = -c - c - t. Is y a multiple of 10?
True
Let i(x) = 24*x + 4. Let z be i(4). Suppose 0 = -4*a + 4*s + z, 5*a - 114 = s + 31. Does 29 divide a?
False
Is 33/6*(1 + 1) a multiple of 11?
True
Let a(h) be the second derivative of h**4/12 + h**3/6 - h. Let b(i) = -7*i**2 - 3*i - 2. Let w(o) = -5*a(o) - b(o). Is w(2) a multiple of 4?
False
Let f(d) = -17*d + 4. Let o be f(-4). Suppose 5*c - o = 53. Let m = -3 + c. Is m a multiple of 11?
True
Let u be (-6)/(-10) - (-6)/(-10). Suppose -3*t + 4*h + 20 = u, t - 5*h = -2*h + 15. Suppose 3*o - d = 25, t = -5*o - 5*d + 33 + 22. Is o a multiple of 6?
False
Let r(j) = -j**2 + 31*j - 35. Is 29 a factor of r(14)?
True
Let n = 5 - 2. Suppose 2*g = -n*g + 55. Does 5 divide g?
False
Let s be (6/(-4))/(1/(-2)). Suppose 31 - 4 = s*u. Is u a multiple of 9?
True
Let b(v) = 2*v + 46. Is 19 a factor of b(0)?
False
Let b(q) be the first derivative of 2*q**2 + 10*q - 2. Let u be (-1)/(-5) + (-117)/(-15). Is 21 a factor of b(u)?
True
Let p(s) = -s**3 - 2*s**2 + 2*s + 1. Let z be p(-3). Suppose -77 - 19 = -z*r. Is r a multiple of 12?
True
Let c(w) = -3*w + 1. Is c(-7) a multiple of 19?
False
Is 20 a factor of ((-105)/9)/(2/(-12))?
False
Let h be 121 + 0 + 0 + 0. Suppose -h = -5*t + 64. Is t a multiple of 18?
False
Suppose -4*p - k - 20 = 0, -3*k = 3*p + 12 + 3. Let t(z) = z**2 + 2*z - 5. Is t(p) even?
True
Let v be 4/22 + 270/(-33). Let n = -1 - v. Is n a multiple of 7?
True
Let f = -3 - -15. Suppose 3*h + f + 54 = 0. Let s = -13 - h. Does 8 divide s?
False
Suppose h + 3 = 2*h. Suppose x - 3*m = -13, 2*x = -3*x - h*m + 25. Suppose -r + 3 = f - 8, -x*f - r = -23. Is 6 a factor of f?
True
Let f(a) = -a**2 + 6*a - 4. Suppose 3 = n - 0*n. Is f(n) a multiple of 5?
True
Let h = -26 + 37. Suppose -l = h + 2. Let k = l - -30. Is k a multiple of 6?
False
Suppose 2*v + 5 = 3*v. Suppose -v*r - 2*n - 6 = 0, -2*r - 12 = -0*r + 4*n. Suppose 4*i + 4 = 0, r*f + 80 = 3*f + i. Does 10 divide f?
False
Let t = 0 + -2. Let l be (-39)/(-9) + t/6. Suppose -5*d = -3*x + 51, -l*x = -2*d + d - 85. Does 11 divide x?
True
Let n(w) = w**3 - w - 13. Let u be n(0). Let m = u - -49. Is 10 a factor of m?
False
Suppose 9*o - 2*u - 340 = 4*o, -3*o - 4*u = -230. Does 14 divide o?
True
Does 5 divide 2/4 - (-117)/6?
True
Let r = 4 + -5. Let g be (-481)/(-6) + r/6. Suppose 3*m - g = -14. Does 11 divide m?
True
Let f(c) = -c**2 - 8*c + 14. Is 12 a factor of f(-7)?
False
Let i(h) = h**3 + 3*h**2 - h + 4. Let k = -6 + 3. Is i(k) a multiple of 3?
False
Suppose q - 4*q + 6 = 0, 4*w + 258 = -q. Is 13 a factor of (-4)/10*w/1?
True
Let n be 22/4 - 1/(-2). Does 19 divide 4/n + (-110)/(-6)?
True
Suppose 0 = 2*h + 2*l - 12, 3*h - 30 = -2*l + 3*l. Is h a multiple of 2?
False
Suppose -2*m = -4*t + 56, 3*t - 111 = 3*m + 6*t. Let s = 1 - 2. Does 17 divide (1/s)/(1/m)?
True
Suppose g + 12 = 4*g. Suppose 5*q + g*n + 188 = 6*n, -q - 4*n - 42 = 0. Let s = -21 - q. Is s a multiple of 17?
True
Let l(k) = k**2 + 4*k + 2. Let o be l(-8). Suppose 4*t + o = 122. Is 7 a factor of t?
False
Let x be (21/14)/((-3)/(-52)). Let n = x + 4. Is 10 a factor of n?
True
Suppose 2*w - 2 - 32 = 0. Is w a multiple of 16?
False
Let y = -12 + 23. Is 2 a factor of y?
False
Suppose 8 = 3*j - 4. Let a = j + 10. Is a a multiple of 5?
False
Suppose -5*v + 5 + 5 = 0. Suppose -x = -v*q - 64, 3*x + q - 196 = 6*q. Is x a multiple of 24?
True
Let t(n) = -n**3 + 14*n**2 - 12*n + 14. Let q = -11 + 24. Is 27 a factor of t(q)?
True
Let i = -1 + 2. Let r = i - -4. Suppose j - r*c + 74 = 5*j, -c = -4*j + 62. Is 12 a factor of j?
False
Suppose 0*o = -o + 4*i + 62, 178 = 3*o - 4*i. Suppose 27 = 5*q - o. Does 17 divide q?
True
Does 17 divide -3 - -5 - -42 - 1?
False
Let u = 10 + -172. Is 7 a factor of u/(-2